{"id":657,"date":"2018-08-07T09:00:57","date_gmt":"2018-08-07T12:00:57","guid":{"rendered":"http:\/\/geografia.sites.uff.br\/?page_id=657"},"modified":"2026-09-03T18:30:46","modified_gmt":"2026-09-03T21:30:46","slug":"n-d-e","status":"publish","type":"page","link":"https:\/\/geografia.sites.uff.br\/index.php\/n-d-e\/","title":{"rendered":"N D E"},"content":{"rendered":"<h5>N\u00daCLEO DOCENTE ESTRUTURANTE (NDE)<\/h5>\n<h5><strong><span style=\"color: #000080\">Licenciatura em Geografia:<\/span><\/strong><\/h5>\n<h5><strong>Rosemary Vieira<\/strong> (Presidente do NDE)<\/h5>\n<h5>Denizart da Silva Fortuna<\/h5>\n<h5>Luis Paulo Batista da Silva<\/h5>\n<h5>Juliana Magalh\u00e3es Menezes<\/h5>\n<h5>Daniel Pereira Rosa<\/h5>\n<h5>R\u00e1ul S\u00e1nchez Vicens<\/h5>\n<h5><strong><span style=\"color: #000080\">Bacharelado em Geografia:<\/span><\/strong><\/h5>\n<h5><strong>Carla Maciel Salgado<\/strong> (Presidente do NDE)<\/h5>\n<h5>Paula Maria Moura de Almeida<\/h5>\n<h5>Luiz Jardim de Moraes Wanderley<\/h5>\n<h5>Guilherme Fernandez<\/h5>\n<h5>Rita de C\u00e1ssia Martins Montezuma<\/h5>\n<h5>Juliana Magalh\u00e3es Menezes<\/h5>\n","protected":false},"excerpt":{"rendered":"<p>N\u00daCLEO DOCENTE ESTRUTURANTE (NDE) Licenciatura em Geografia: Rosemary Vieira (Presidente do NDE) Denizart da Silva Fortuna Luis Paulo Batista da Silva Juliana Magalh\u00e3es Menezes Daniel Pereira Rosa R\u00e1ul S\u00e1nchez Vicens Bacharelado em Geografia: Carla Maciel Salgado (Presidente do NDE) Paula Maria Moura de Almeida Luiz Jardim de Moraes Wanderley Guilherme Fernandez Rita de C\u00e1ssia Martins [&hellip;]<\/p>\n","protected":false},"author":1209,"featured_media":0,"parent":0,"menu_order":0,"comment_status":"closed","ping_status":"closed","template":"","meta":{"_exactmetrics_skip_tracking":false,"_exactmetrics_sitenote_active":false,"_exactmetrics_sitenote_note":"","_exactmetrics_sitenote_category":0,"footnotes":""},"categories":[15],"tags":[],"class_list":["post-657","page","type-page","status-publish","hentry","category-gestao"],"_links":{"self":[{"href":"https:\/\/geografia.sites.uff.br\/index.php\/wp-json\/wp\/v2\/pages\/657","targetHints":{"allow":["GET"]}}],"collection":[{"href":"https:\/\/geografia.sites.uff.br\/index.php\/wp-json\/wp\/v2\/pages"}],"about":[{"href":"https:\/\/geografia.sites.uff.br\/index.php\/wp-json\/wp\/v2\/types\/page"}],"author":[{"embeddable":true,"href":"https:\/\/geografia.sites.uff.br\/index.php\/wp-json\/wp\/v2\/users\/1209"}],"replies":[{"embeddable":true,"href":"https:\/\/geografia.sites.uff.br\/index.php\/wp-json\/wp\/v2\/comments?post=657"}],"version-history":[{"count":18,"href":"https:\/\/geografia.sites.uff.br\/index.php\/wp-json\/wp\/v2\/pages\/657\/revisions"}],"predecessor-version":[{"id":1537,"href":"https:\/\/geografia.sites.uff.br\/index.php\/wp-json\/wp\/v2\/pages\/657\/revisions\/1537"}],"wp:attachment":[{"href":"https:\/\/geografia.sites.uff.br\/index.php\/wp-json\/wp\/v2\/media?parent=657"}],"wp:term":[{"taxonomy":"category","embeddable":true,"href":"https:\/\/geografia.sites.uff.br\/index.php\/wp-json\/wp\/v2\/categories?post=657"},{"taxonomy":"post_tag","embeddable":true,"href":"https:\/\/geografia.sites.uff.br\/index.php\/wp-json\/wp\/v2\/tags?post=657"}],"curies":[{"name":"wp","href":"https:\/\/api.w.org\/{rel}","templated":true}]}}

<h5>NÚCLEO DOCENTE ESTRUTURANTE (NDE)</h5>
<h5><strong><span style="color: #000080">Licenciatura em Geografia:</span></strong></h5>
<h5><strong>Rosemary Vieira</strong> (Presidente do NDE)</h5>
<h5>Denizart da Silva Fortuna</h5>
<h5>Luis Paulo Batista da Silva</h5>
<h5>Juliana Magalhães Menezes</h5>
<h5>Daniel Pereira Rosa</h5>
<h5>Rául Sánchez Vicens</h5>
<h5><strong><span style="color: #000080">Bacharelado em Geografia:</span></strong></h5>
<h5><strong>Carla Maciel Salgado</strong> (Presidente do NDE)</h5>
<h5>Paula Maria Moura de Almeida</h5>
<h5>Luiz Jardim de Moraes Wanderley</h5>
<h5>Guilherme Fernandez</h5>
<h5>Rita de Cássia Martins Montezuma</h5>
<h5>Juliana Magalhães Menezes</h5>

<p>NÚCLEO DOCENTE ESTRUTURANTE (NDE) Licenciatura em Geografia: Rosemary Vieira (Presidente do NDE) Denizart da Silva Fortuna Luis Paulo Batista da Silva Juliana Magalhães Menezes Daniel Pereira Rosa Rául Sánchez Vicens Bacharelado em Geografia: Carla Maciel Salgado (Presidente do NDE) Paula Maria Moura de Almeida Luiz Jardim de Moraes Wanderley Guilherme Fernandez Rita de Cássia Martins [&hellip;]</p>
