{"id":652,"date":"2018-08-07T08:59:06","date_gmt":"2018-08-07T11:59:06","guid":{"rendered":"http:\/\/geografia.sites.uff.br\/?page_id=652"},"modified":"2026-01-25T15:33:56","modified_gmt":"2026-01-25T18:33:56","slug":"equipe","status":"publish","type":"page","link":"https:\/\/geografia.sites.uff.br\/index.php\/gestao\/equipe\/","title":{"rendered":"Equipe"},"content":{"rendered":"<h5>Coordena\u00e7\u00e3o de Geografia, Licenciatura &#8211; <strong>Profa. Rosemary Vieira<\/strong><\/h5>\n<h5>Coordena\u00e7\u00e3o de Geografia, Bacharelado &#8211; <strong>Profa. Carla Maciel Salgado<br \/>\n<\/strong><\/h5>\n<h5><\/h5>\n<h5>Secretaria da Coordena\u00e7\u00e3o de Geografia:<\/h5>\n<h5><strong>Alessandro Diniz de Souza<\/strong><\/h5>\n<h5><strong>Ma\u00e9rcio Dantas da Silva<\/strong><\/h5>\n<h5><\/h5>\n<h5>A secretaria dos Cursos de Geografia (Licenciatura e Bacharelado) funciona no pr\u00e9dio do <strong>Instituto de Geoci\u00eancias<\/strong> (<strong>sala 505, Bl. O<\/strong>), situado na Av. Gal. Milton Tavares de Souza, s\/n\u00ba \u2013 <strong>Campus da Praia Vermelha<\/strong> \u2013 Boa Viagem \u2013 Niter\u00f3i\/RJ, CEP 24210 346. Contato por email (ggg.egg@id.uff.br).<\/h5>\n","protected":false},"excerpt":{"rendered":"<p>Coordena\u00e7\u00e3o de Geografia, Licenciatura &#8211; Profa. Rosemary Vieira Coordena\u00e7\u00e3o de Geografia, Bacharelado &#8211; Profa. Carla Maciel Salgado Secretaria da Coordena\u00e7\u00e3o de Geografia: Alessandro Diniz de Souza Ma\u00e9rcio Dantas da Silva A secretaria dos Cursos de Geografia (Licenciatura e Bacharelado) funciona no pr\u00e9dio do Instituto de Geoci\u00eancias (sala 505, Bl. O), situado na Av. Gal. Milton [&hellip;]<\/p>\n","protected":false},"author":1209,"featured_media":0,"parent":138,"menu_order":0,"comment_status":"closed","ping_status":"closed","template":"","meta":{"_exactmetrics_skip_tracking":false,"_exactmetrics_sitenote_active":false,"_exactmetrics_sitenote_note":"","_exactmetrics_sitenote_category":0,"footnotes":""},"categories":[15],"tags":[],"class_list":["post-652","page","type-page","status-publish","hentry","category-gestao"],"_links":{"self":[{"href":"https:\/\/geografia.sites.uff.br\/index.php\/wp-json\/wp\/v2\/pages\/652","targetHints":{"allow":["GET"]}}],"collection":[{"href":"https:\/\/geografia.sites.uff.br\/index.php\/wp-json\/wp\/v2\/pages"}],"about":[{"href":"https:\/\/geografia.sites.uff.br\/index.php\/wp-json\/wp\/v2\/types\/page"}],"author":[{"embeddable":true,"href":"https:\/\/geografia.sites.uff.br\/index.php\/wp-json\/wp\/v2\/users\/1209"}],"replies":[{"embeddable":true,"href":"https:\/\/geografia.sites.uff.br\/index.php\/wp-json\/wp\/v2\/comments?post=652"}],"version-history":[{"count":14,"href":"https:\/\/geografia.sites.uff.br\/index.php\/wp-json\/wp\/v2\/pages\/652\/revisions"}],"predecessor-version":[{"id":1511,"href":"https:\/\/geografia.sites.uff.br\/index.php\/wp-json\/wp\/v2\/pages\/652\/revisions\/1511"}],"up":[{"embeddable":true,"href":"https:\/\/geografia.sites.uff.br\/index.php\/wp-json\/wp\/v2\/pages\/138"}],"wp:attachment":[{"href":"https:\/\/geografia.sites.uff.br\/index.php\/wp-json\/wp\/v2\/media?parent=652"}],"wp:term":[{"taxonomy":"category","embeddable":true,"href":"https:\/\/geografia.sites.uff.br\/index.php\/wp-json\/wp\/v2\/categories?post=652"},{"taxonomy":"post_tag","embeddable":true,"href":"https:\/\/geografia.sites.uff.br\/index.php\/wp-json\/wp\/v2\/tags?post=652"}],"curies":[{"name":"wp","href":"https:\/\/api.w.org\/{rel}","templated":true}]}}

<h5>Coordenação de Geografia, Licenciatura &#8211; <strong>Profa. Rosemary Vieira</strong></h5>
<h5>Coordenação de Geografia, Bacharelado &#8211; <strong>Profa. Carla Maciel Salgado<br />
</strong></h5>
<h5></h5>
<h5>Secretaria da Coordenação de Geografia:</h5>
<h5><strong>Alessandro Diniz de Souza</strong></h5>
<h5><strong>Maércio Dantas da Silva</strong></h5>
<h5></h5>
<h5>A secretaria dos Cursos de Geografia (Licenciatura e Bacharelado) funciona no prédio do <strong>Instituto de Geociências</strong> (<strong>sala 505, Bl. O</strong>), situado na Av. Gal. Milton Tavares de Souza, s/nº – <strong>Campus da Praia Vermelha</strong> – Boa Viagem – Niterói/RJ, CEP 24210 346. Contato por email (ggg.egg@id.uff.br).</h5>

<p>Coordenação de Geografia, Licenciatura &#8211; Profa. Rosemary Vieira Coordenação de Geografia, Bacharelado &#8211; Profa. Carla Maciel Salgado Secretaria da Coordenação de Geografia: Alessandro Diniz de Souza Maércio Dantas da Silva A secretaria dos Cursos de Geografia (Licenciatura e Bacharelado) funciona no prédio do Instituto de Geociências (sala 505, Bl. O), situado na Av. Gal. Milton [&hellip;]</p>
