{"id":48,"date":"2018-03-05T18:33:16","date_gmt":"2018-03-05T21:33:16","guid":{"rendered":"http:\/\/geografia.sites.uff.br\/?page_id=48"},"modified":"2025-06-26T12:10:59","modified_gmt":"2025-06-26T15:10:59","slug":"ementas","status":"publish","type":"page","link":"https:\/\/geografia.sites.uff.br\/index.php\/ementas\/","title":{"rendered":"Ementas"},"content":{"rendered":"<h4><a href=\"\/wp-content\/uploads\/sites\/320\/2018\/03\/ementas_curriculo_valido_apartir_2006.pdf\" target=\"_blank\" rel=\"noopener noreferrer\">Ementas das Disciplinas do Curr\u00edculo V\u00e1lido \u00e0 Partir de 2006<\/a><\/h4>\n<h4><a href=\"\/wp-content\/uploads\/sites\/320\/2018\/03\/ementas_curriculo_valido_1992_2005.pdf\" target=\"_blank\" rel=\"noopener noreferrer\">Ementas das Disciplinas do Curr\u00edculo V\u00e1lido entre 1992 e 2005<\/a><\/h4>\n<p>Estudantes ativos e que j\u00e1 conclu\u00edram o curso podem acessar a ferramenta &#8220;<strong>gerar relat\u00f3rio de conte\u00fado program\u00e1tico<\/strong>&#8221; dentro do seu IDUFF para gerar documento, em PDF <em><strong>com autentica\u00e7\u00e3o eletr\u00f4nica<\/strong><\/em>, das ementas\/conte\u00fados program\u00e1ticos de disciplinas que cursaram.<\/p>\n<p>Outra op\u00e7\u00e3o para gerar <em><strong>Ementas com autentica\u00e7\u00e3o eletr\u00f4nica<\/strong><\/em> \u00e9 o banco de ementas: <a href=\"https:\/\/app.uff.br\/iduff\/consultaEmenta.uff\">https:\/\/app.uff.br\/iduff\/consultaEmenta.uff<\/a><\/p>\n<table id=\"attachments\" style=\"height: 606px\" width=\"527\">\n<thead>\n<tr>\n<th>\n<h4><\/h4>\n<\/th>\n<th><\/th>\n<\/tr>\n<\/thead>\n<tbody>\n<tr class=\"odd\">\n<td><\/td>\n<td><\/td>\n<\/tr>\n<tr class=\"even\">\n<td><\/td>\n<td><\/td>\n<\/tr>\n<tr class=\"odd\">\n<td><\/td>\n<td><\/td>\n<\/tr>\n<tr class=\"even\">\n<td><\/td>\n<td><\/td>\n<\/tr>\n<tr class=\"odd\">\n<td><\/td>\n<td><\/td>\n<\/tr>\n<tr class=\"even\">\n<td><\/td>\n<td><\/td>\n<\/tr>\n<tr class=\"odd\">\n<td><\/td>\n<\/tr>\n<tr class=\"even\">\n<td><\/td>\n<td><\/td>\n<\/tr>\n<tr class=\"even\">\n<td><\/td>\n<td><\/td>\n<\/tr>\n<tr class=\"odd\">\n<td><\/td>\n<td><\/td>\n<\/tr>\n<\/tbody>\n<\/table>\n","protected":false},"excerpt":{"rendered":"<p>Ementas das Disciplinas do Curr\u00edculo V\u00e1lido \u00e0 Partir de 2006 Ementas das Disciplinas do Curr\u00edculo V\u00e1lido entre 1992 e 2005 Estudantes ativos e que j\u00e1 conclu\u00edram o curso podem acessar a ferramenta &#8220;gerar relat\u00f3rio de conte\u00fado program\u00e1tico&#8221; dentro do seu IDUFF para gerar documento, em PDF com autentica\u00e7\u00e3o eletr\u00f4nica, das ementas\/conte\u00fados program\u00e1ticos de disciplinas que [&hellip;]<\/p>\n","protected":false},"author":1209,"featured_media":0,"parent":0,"menu_order":3,"comment_status":"closed","ping_status":"closed","template":"","meta":{"_exactmetrics_skip_tracking":false,"_exactmetrics_sitenote_active":false,"_exactmetrics_sitenote_note":"","_exactmetrics_sitenote_category":0,"footnotes":""},"categories":[],"tags":[],"class_list":["post-48","page","type-page","status-publish","hentry"],"_links":{"self":[{"href":"https:\/\/geografia.sites.uff.br\/index.php\/wp-json\/wp\/v2\/pages\/48","targetHints":{"allow":["GET"]}}],"collection":[{"href":"https:\/\/geografia.sites.uff.br\/index.php\/wp-json\/wp\/v2\/pages"}],"about":[{"href":"https:\/\/geografia.sites.uff.br\/index.php\/wp-json\/wp\/v2\/types\/page"}],"author":[{"embeddable":true,"href":"https:\/\/geografia.sites.uff.br\/index.php\/wp-json\/wp\/v2\/users\/1209"}],"replies":[{"embeddable":true,"href":"https:\/\/geografia.sites.uff.br\/index.php\/wp-json\/wp\/v2\/comments?post=48"}],"version-history":[{"count":17,"href":"https:\/\/geografia.sites.uff.br\/index.php\/wp-json\/wp\/v2\/pages\/48\/revisions"}],"predecessor-version":[{"id":1461,"href":"https:\/\/geografia.sites.uff.br\/index.php\/wp-json\/wp\/v2\/pages\/48\/revisions\/1461"}],"wp:attachment":[{"href":"https:\/\/geografia.sites.uff.br\/index.php\/wp-json\/wp\/v2\/media?parent=48"}],"wp:term":[{"taxonomy":"category","embeddable":true,"href":"https:\/\/geografia.sites.uff.br\/index.php\/wp-json\/wp\/v2\/categories?post=48"},{"taxonomy":"post_tag","embeddable":true,"href":"https:\/\/geografia.sites.uff.br\/index.php\/wp-json\/wp\/v2\/tags?post=48"}],"curies":[{"name":"wp","href":"https:\/\/api.w.org\/{rel}","templated":true}]}}