{"id":171,"date":"2018-03-07T15:46:26","date_gmt":"2018-03-07T18:46:26","guid":{"rendered":"http:\/\/geografia.sites.uff.br\/?page_id=171"},"modified":"2025-06-26T12:10:37","modified_gmt":"2025-06-26T15:10:37","slug":"publicacoes","status":"publish","type":"page","link":"https:\/\/geografia.sites.uff.br\/index.php\/publicacoes\/","title":{"rendered":"Publica\u00e7\u00f5es"},"content":{"rendered":"<table border=\"0\" width=\"600\">\n<tbody>\n<tr>\n<td><a href=\"http:\/\/www.geographia.uff.br\/index.php\/geographia\"><img loading=\"lazy\" decoding=\"async\" class=\"alignleft size-full wp-image-334\" src=\"\/wp-content\/uploads\/sites\/320\/2018\/03\/miniatura_150px_capa_Geographia.png\" alt=\"Capa Revista Geographia\" width=\"150\" height=\"213\"><\/a><\/td>\n<td><\/td>\n<td><\/td>\n<\/tr>\n<tr>\n<td><strong>Revista Geographia<\/strong><\/td>\n<td><\/td>\n<td><\/td>\n<\/tr>\n<tr>\n<td>A revista GEOgraphia \u00e9 um peri\u00f3dico cient\u00edfico quadrienal, avaliado por pares e de acesso livre, de publica\u00e7\u00e3o exclusivamente digital. A revista prioriza a publica\u00e7\u00e3o de artigos originais resultantes de pesquisa emp\u00edrica nos diferentes campos da Geografia ou \u00e1reas afins.<\/td>\n<td><\/td>\n<td><\/td>\n<\/tr>\n<tr>\n<td><\/td>\n<td><\/td>\n<td><\/td>\n<\/tr>\n<tr>\n<td>&nbsp;<\/p>\n<p>&nbsp;<\/td>\n<td><\/td>\n<td><\/td>\n<\/tr>\n<tr>\n<td><img loading=\"lazy\" decoding=\"async\" class=\"alignleft size-full wp-image-339\" src=\"\/wp-content\/uploads\/sites\/320\/2018\/03\/capa_miniatura_150_px.jpg\" alt=\"\" width=\"150\" height=\"218\"><\/td>\n<td><\/td>\n<td><\/td>\n<\/tr>\n<tr>\n<td><strong>Revista de Geoci\u00eancias<\/strong><\/td>\n<td><\/td>\n<td><\/td>\n<\/tr>\n<tr>\n<td>Revista publicada durante anos 2000 e 2001.<\/td>\n<td><\/td>\n<td><\/td>\n<\/tr>\n<tr>\n<td>Site com as edi\u00e7\u00f5es em constru\u00e7\u00e3o.<\/td>\n<td><\/td>\n<td><\/td>\n<\/tr>\n<tr>\n<td><\/td>\n<td><\/td>\n<td><\/td>\n<\/tr>\n<tr>\n<td>&nbsp;<\/p>\n<p>&nbsp;<\/td>\n<td><\/td>\n<td><\/td>\n<\/tr>\n<tr>\n<td><img loading=\"lazy\" decoding=\"async\" class=\"alignleft size-full wp-image-349\" src=\"\/wp-content\/uploads\/sites\/320\/2018\/03\/capa_miniatura_revista_ensaios_geografia.png\" alt=\"\" width=\"150\" height=\"210\"><\/td>\n<td><\/td>\n<td><\/td>\n<\/tr>\n<tr>\n<td height=\"36\"><strong>Revista Ensaios de Geografia<br \/>\n<\/strong><\/td>\n<td><\/td>\n<td><\/td>\n<\/tr>\n<tr>\n<td>A Revista Ensaios de Geografia publica predominantemente artigos, produ\u00e7\u00f5es liter\u00e1rias e visuais originais resultantes de pesquisa cient\u00edfica ou estudos significativos para a Geografia e \u00e1reas afins.<\/td>\n<td><\/td>\n<td><\/td>\n<\/tr>\n<tr>\n<td><\/td>\n<td><\/td>\n<td><\/td>\n<\/tr>\n<\/tbody>\n<\/table>\n<p>&nbsp;<\/p>\n","protected":false},"excerpt":{"rendered":"<p>Revista Geographia A revista GEOgraphia \u00e9 um peri\u00f3dico cient\u00edfico quadrienal, avaliado por pares e de acesso livre, de publica\u00e7\u00e3o exclusivamente digital. A revista prioriza a publica\u00e7\u00e3o de artigos originais resultantes de pesquisa emp\u00edrica nos diferentes campos da Geografia ou \u00e1reas afins. &nbsp; &nbsp; Revista de Geoci\u00eancias Revista publicada durante anos 2000 e 2001. Site com [&hellip;]<\/p>\n","protected":false},"author":1209,"featured_media":0,"parent":0,"menu_order":0,"comment_status":"closed","ping_status":"closed","template":"","meta":{"_exactmetrics_skip_tracking":false,"_exactmetrics_sitenote_active":false,"_exactmetrics_sitenote_note":"","_exactmetrics_sitenote_category":0,"footnotes":""},"categories":[19],"tags":[16],"class_list":["post-171","page","type-page","status-publish","hentry","category-publicacoes","tag-publicacoes"],"_links":{"self":[{"href":"https:\/\/geografia.sites.uff.br\/index.php\/wp-json\/wp\/v2\/pages\/171","targetHints":{"allow":["GET"]}}],"collection":[{"href":"https:\/\/geografia.sites.uff.br\/index.php\/wp-json\/wp\/v2\/pages"}],"about":[{"href":"https:\/\/geografia.sites.uff.br\/index.php\/wp-json\/wp\/v2\/types\/page"}],"author":[{"embeddable":true,"href":"https:\/\/geografia.sites.uff.br\/index.php\/wp-json\/wp\/v2\/users\/1209"}],"replies":[{"embeddable":true,"href":"https:\/\/geografia.sites.uff.br\/index.php\/wp-json\/wp\/v2\/comments?post=171"}],"version-history":[{"count":21,"href":"https:\/\/geografia.sites.uff.br\/index.php\/wp-json\/wp\/v2\/pages\/171\/revisions"}],"predecessor-version":[{"id":1460,"href":"https:\/\/geografia.sites.uff.br\/index.php\/wp-json\/wp\/v2\/pages\/171\/revisions\/1460"}],"wp:attachment":[{"href":"https:\/\/geografia.sites.uff.br\/index.php\/wp-json\/wp\/v2\/media?parent=171"}],"wp:term":[{"taxonomy":"category","embeddable":true,"href":"https:\/\/geografia.sites.uff.br\/index.php\/wp-json\/wp\/v2\/categories?post=171"},{"taxonomy":"post_tag","embeddable":true,"href":"https:\/\/geografia.sites.uff.br\/index.php\/wp-json\/wp\/v2\/tags?post=171"}],"curies":[{"name":"wp","href":"https:\/\/api.w.org\/{rel}","templated":true}]}}