{"id":149,"date":"2018-03-07T14:45:34","date_gmt":"2018-03-07T17:45:34","guid":{"rendered":"http:\/\/geografia.sites.uff.br\/?page_id=149"},"modified":"2025-06-26T11:49:21","modified_gmt":"2025-06-26T14:49:21","slug":"estagios","status":"publish","type":"page","link":"https:\/\/geografia.sites.uff.br\/index.php\/discentes\/estagios\/","title":{"rendered":"Est\u00e1gios"},"content":{"rendered":"<h4><span style=\"color: #000080\"><strong>Est\u00e1gio Supervisionado do Bacharelado<\/strong><\/span><\/h4>\n<p>O Curso de Bacharelado em Geografia exige a realiza\u00e7\u00e3o de 360 horas de est\u00e1gio supervisionado. Este poder\u00e1 ser desenvolvido em <a href=\"http:\/\/www.estagio.uff.br\/\">empresas conveniadas com a UFF<\/a>, em Campos Internos de Est\u00e1gio (associados a projetos de pesquisa e de extens\u00e3o da UFF, com ou sem bolsa), no Programa de Educa\u00e7\u00e3o Tutorial (PET) e em projetos de inicia\u00e7\u00e3o cient\u00edfica (PIBIC).<\/p>\n<p>No caso de <strong>Campos Internos de Est\u00e1gio<\/strong>, o aluno e o orientador de est\u00e1gio dever\u00e3o preencher um <a href=\"\/wp-content\/uploads\/sites\/320\/2018\/08\/termo_compr_est_interno_obrigatorio.docx\">Termo de Compromisso de Est\u00e1gio<\/a>, acompanhado de plano de trabalho. Ap\u00f3s a conclus\u00e3o do est\u00e1gio deve ser preenchido o&nbsp;<a href=\"\/wp-content\/uploads\/sites\/320\/2018\/08\/Termo_realizacao_de_estagio_interno.doc\">Termo de Realiza\u00e7\u00e3o de Est\u00e1gio<\/a>. Este termo \u00e9 um comprovante institucional importante para documentar o curr\u00edculo do aluno. Outras informa\u00e7\u00f5es visite o <a href=\"http:\/\/www.uff.br\/?q=grupo\/estagios\">site da Divis\u00e3o de Est\u00e1gio da UFF<\/a>.<\/p>\n<p>O Est\u00e1gio Supervisionado I, II e III do Curso de&nbsp;Bacharelado&nbsp;em Geografia s\u00e3o disciplinas obrigat\u00f3rias. Se o aluno tem est\u00e1gio em&nbsp;<u>empresas conveniadas \u00e0 UFF<\/u>&nbsp;e\/ou nos&nbsp;<u>Campos de Est\u00e1gio Interno da UFF\/PET\/PIBIC<\/u>,&nbsp;pertinentes ao exerc\u00edcio do ge\u00f3grafo, deve se inscrever na&nbsp;<u>Turma B<\/u>&nbsp;das disciplinas de Est\u00e1gio Supervisionado ap\u00f3s acumular carga hor\u00e1ria de, pelo menos,&nbsp;<u>120 horas<\/u>. <u>Duas semanas antes do t\u00e9rmino do per\u00edodo letivo<\/u>, o aluno deve entregar a <a href=\"\/wp-content\/uploads\/sites\/320\/2018\/08\/Ficha_avalicao_estagio.doc\"><u>f<\/u><u>icha de avalia\u00e7\u00e3o de est\u00e1gio<\/u><\/a>&nbsp;(assinado pelo supervisor\/orientador do est\u00e1gio) acompanhada&nbsp;<u>de relat\u00f3rio de atividades<\/u>&nbsp;no Depto. de Geografia (sala 502) para o lan\u00e7amento da nota.<\/p>\n<p><strong>O&nbsp;<\/strong><strong>RELAT\u00d3RIO de ATIVIDADES<\/strong>&nbsp;deve conter:<br \/>\n<strong>1)<\/strong>&nbsp;Nome da empresa e natureza do est\u00e1gio (pesquisa, mapeamento, elabora\u00e7\u00e3o de cadastro e\/ou banco de dados, censo etc.);<br \/>\n<strong>2)<\/strong>&nbsp;Descri\u00e7\u00e3o das atividades desenvolvidas;<br \/>\n<strong>3)<\/strong>&nbsp;M\u00e9todos, ferramentas e\/ou t\u00e9cnicas utilizadas nas quais tenha adquirido habilidades no est\u00e1gio;<br \/>\n<strong>4)<\/strong>&nbsp;Produtos desenvolvidos durante o est\u00e1gio com a participa\u00e7\u00e3o do estudante (banco de dados, mapa, relat\u00f3rio, cadastro de dados etc., se houver).<\/p>\n<p>O Relat\u00f3rio deve ser&nbsp;<u><strong>assinado pelo supervisor\/orientador<\/strong><\/u> do est\u00e1gio e pelo aluno.<\/p>\n<p>O aluno que N\u00c3O tem est\u00e1gio deve se inscrever na&nbsp;<u>turma A<\/u>&nbsp;e assistir a aulas presenciais com o professor alocado para tal disciplina.<\/p>\n<h4><span style=\"color: #000080\"><strong>Est\u00e1gio Supervisionado da Licenciatura <\/strong>(relacionado \u00e0s disciplinas de PPE)<\/span><\/h4>\n<p>A UFF possui v\u00e1rios conv\u00eanios com redes p\u00fablicas de Ensino B\u00e1sico para a realiza\u00e7\u00e3o de est\u00e1gio.&nbsp;<a href=\"http:\/\/www.divisaopraticadiscente.uff.br\/wp-content\/uploads\/2015\/07\/2018.1-Conv%C3%AAnios-de-Est%C3%A1gio-Educa%C3%A7%C3%A3o-p%C3%BAblica.pdf\">Clique aqui para consultar os conv\u00eanios<\/a>.<\/p>\n<p>Depois de selecionada a escola, leve a carta de apresenta\u00e7\u00e3o&nbsp;(<a href=\"\/wp-content\/uploads\/sites\/320\/2018\/08\/Carta_apresentacao_individual.doc\">modelo de carta de apresenta\u00e7\u00e3o<\/a>).<\/p>\n<p>H\u00e1 2 tipos de TERMOS DE COMPROMISSO DE EST\u00c1GIO:<\/p>\n<p>a) Se o aluno vai realizar est\u00e1gio no Col\u00e9gio Universit\u00e1rio Geraldo Reis (COLUNI\/UFF) deve usar o termo de&nbsp;<a href=\"\/wp-content\/uploads\/sites\/320\/2018\/08\/PPE_termo_compr_est_interno.doc\"><b>EST\u00c1GIO INTERNO<\/b><\/a>,<br \/>\nb) Se escolher outra escola das redes conveniadas com a UFF, deve usar o termo de&nbsp;<a href=\"\/wp-content\/uploads\/sites\/320\/2018\/08\/PPE_termo_compr_est_externo.doc\"><b>EST\u00c1GIO EXTERNO<\/b><\/a>.<\/p>\n<p>A cada dia de est\u00e1gio, o aluno deve levar o&nbsp;<a href=\"\/wp-content\/uploads\/sites\/320\/2018\/08\/Mapa_de_estagio.docx\"><b>MAPA DE EST\u00c1GIO<\/b><\/a>&nbsp;para registrar as atividades realizadas na escola. Para outros esclarecimentos sobre est\u00e1gio de PPE, consulte o&nbsp;<b><a href=\"http:\/\/www.divisaopraticadiscente.uff.br\/ppe-ppp\">site da Divis\u00e3o de Pr\u00e1tica Discente\/UFF<\/a><\/b>.<\/p>\n<table id=\"attachments\">\n<thead>\n<tr>\n<th style=\"text-align: left\">\n<h5>Documentos<\/h5>\n<\/th>\n<th><\/th>\n<\/tr>\n<\/thead>\n<tbody>\n<tr class=\"odd\">\n<td>\n<h5><a href=\"\/wp-content\/uploads\/sites\/320\/2018\/08\/termo_compr_est_interno_obrigatorio.docx\">Bacharelado: termo de compromisso de est\u00e1gio e plano de trabalho<\/a><\/h5>\n<h5><\/h5>\n<\/td>\n<td><\/td>\n<\/tr>\n<tr class=\"even\">\n<td>\n<h5><a href=\"\/wp-content\/uploads\/sites\/320\/2018\/08\/Termo_realizacao_de_estagio_interno.doc\">Bacharelado: termo de realiza\u00e7\u00e3o de est\u00e1gio<\/a><\/h5>\n<h5><\/h5>\n<\/td>\n<td><\/td>\n<\/tr>\n<tr class=\"odd\">\n<td>\n<h5><a href=\"\/wp-content\/uploads\/sites\/320\/2018\/08\/Ficha_avalicao_estagio.doc\">Bacharelado: ficha de avalia\u00e7\u00e3o de est\u00e1gio<\/a><\/h5>\n<h5><\/h5>\n<\/td>\n<td><\/td>\n<\/tr>\n<tr class=\"even\">\n<td>\n<h5><a href=\"\/wp-content\/uploads\/sites\/320\/2018\/08\/Carta_apresentacao_individual.doc\">Licenciatura: Carta de apresenta\u00e7\u00e3o individual \u00e0 escola selecionada<\/a><\/h5>\n<h5><\/h5>\n<\/td>\n<td><\/td>\n<\/tr>\n<tr class=\"odd\">\n<td>\n<h5><a href=\"\/wp-content\/uploads\/sites\/320\/2018\/08\/PPE_termo_compr_est_interno.doc\">Licenciatura: Termo de compromisso de est\u00e1gio INTERNO (PPE)<\/a><\/h5>\n<h5><\/h5>\n<\/td>\n<td><\/td>\n<\/tr>\n<tr class=\"even\">\n<td>\n<h5><a href=\"\/wp-content\/uploads\/sites\/320\/2018\/08\/PPE_termo_compr_est_externo.doc\">Licenciatura: Termo de compromisso de est\u00e1gio EXTERNO (PPE)<\/a><\/h5>\n<h5><\/h5>\n<\/td>\n<td><\/td>\n<\/tr>\n<tr class=\"odd\">\n<td>\n<h5><a href=\"\/wp-content\/uploads\/sites\/320\/2018\/08\/Mapa_de_estagio.docx\">Licenciatura: Mapa de est\u00e1gio<\/a><\/h5>\n<h5><\/h5>\n<\/td>\n<td><\/td>\n<\/tr>\n<tr class=\"even\">\n<td>Seguradora: Companhia de&nbsp;Seguros&nbsp;Alian\u00e7a do Brasil \u2013 Banco do Brasil Seguros<\/p>\n<p>Vig\u00eancia: de 01\/03\/2020 at\u00e9 28\/02\/2021<\/p>\n<p>N\u00ba da Ap\u00f3lice:&nbsp;<b><u>3369<\/u><\/b><\/p>\n<p>(V\u00e1lida para est\u00e1gio da Licenciatura e do Bacharelado)<\/p>\n<h5><\/h5>\n<\/td>\n<td><\/td>\n<\/tr>\n<\/tbody>\n<\/table>\n<h4 class=\"title\"><\/h4>\n","protected":false},"excerpt":{"rendered":"<p>Est\u00e1gio Supervisionado do Bacharelado O Curso de Bacharelado em Geografia exige a realiza\u00e7\u00e3o de 360 horas de est\u00e1gio supervisionado. Este poder\u00e1 ser desenvolvido em empresas conveniadas com a UFF, em Campos Internos de Est\u00e1gio (associados a projetos de pesquisa e de extens\u00e3o da UFF, com ou sem bolsa), no Programa de Educa\u00e7\u00e3o Tutorial (PET) e [&hellip;]<\/p>\n","protected":false},"author":1209,"featured_media":0,"parent":135,"menu_order":0,"comment_status":"closed","ping_status":"closed","template":"","meta":{"_exactmetrics_skip_tracking":false,"_exactmetrics_sitenote_active":false,"_exactmetrics_sitenote_note":"","_exactmetrics_sitenote_category":0,"footnotes":""},"categories":[],"tags":[],"class_list":["post-149","page","type-page","status-publish","hentry"],"_links":{"self":[{"href":"https:\/\/geografia.sites.uff.br\/index.php\/wp-json\/wp\/v2\/pages\/149","targetHints":{"allow":["GET"]}}],"collection":[{"href":"https:\/\/geografia.sites.uff.br\/index.php\/wp-json\/wp\/v2\/pages"}],"about":[{"href":"https:\/\/geografia.sites.uff.br\/index.php\/wp-json\/wp\/v2\/types\/page"}],"author":[{"embeddable":true,"href":"https:\/\/geografia.sites.uff.br\/index.php\/wp-json\/wp\/v2\/users\/1209"}],"replies":[{"embeddable":true,"href":"https:\/\/geografia.sites.uff.br\/index.php\/wp-json\/wp\/v2\/comments?post=149"}],"version-history":[{"count":26,"href":"https:\/\/geografia.sites.uff.br\/index.php\/wp-json\/wp\/v2\/pages\/149\/revisions"}],"predecessor-version":[{"id":1444,"href":"https:\/\/geografia.sites.uff.br\/index.php\/wp-json\/wp\/v2\/pages\/149\/revisions\/1444"}],"up":[{"embeddable":true,"href":"https:\/\/geografia.sites.uff.br\/index.php\/wp-json\/wp\/v2\/pages\/135"}],"wp:attachment":[{"href":"https:\/\/geografia.sites.uff.br\/index.php\/wp-json\/wp\/v2\/media?parent=149"}],"wp:term":[{"taxonomy":"category","embeddable":true,"href":"https:\/\/geografia.sites.uff.br\/index.php\/wp-json\/wp\/v2\/categories?post=149"},{"taxonomy":"post_tag","embeddable":true,"href":"https:\/\/geografia.sites.uff.br\/index.php\/wp-json\/wp\/v2\/tags?post=149"}],"curies":[{"name":"wp","href":"https:\/\/api.w.org\/{rel}","templated":true}]}}